
In base 12, what is 6807 - 32a?
6499
In base 14, what is 1 - -4b2bc89?
4b2bc8a
In base 15, what is -1 - -5a84?
5a83
In base 9, what is -60515623 + 2?
-60515621
In base 14, what is d0b35d - c?
d0b351
In base 13, what is 1a481 - -228?
1a6a9
In base 13, what is c + 156757?
156766
In base 6, what is -12135210 + -4?
-12135214
In base 12, what is -3a517977 + -3?
-3a51797a
In base 8, what is -1 + -136554652?
-136554653
In base 13, what is 47b - -9cb?
1179
In base 12, what is 3 - 4352b27?
-4352b24
In base 15, what is -5e - 154664?
-1546c3
In base 13, what is -67a7 + -a77?
-7551
In base 15, what is -558 - c29?
-1282
In base 10, what is -2972996 + -4?
-2973000
In base 15, what is -1cc0b + -28?
-1cc34
In base 4, what is 201120212011 - 13?
201120211332
In base 2, what is 10010 + 1000010011111100110?
1000010011111111000
In base 4, what is 2113 + -1200102111?
-1200033332
In base 7, what is -102 - 2351445?
-2351550
In base 13, what is -879 - -876a?
7bc1
In base 9, what is 24 + -37337318?
-37337284
In base 13, what is 3 + 42a4262?
42a4265
In base 11, what is -192457432 + -4?
-192457436
In base 13, what is 4 - a7181cc?
-a7181c8
In base 13, what is -9a2 + 3188?
24b6
In base 3, what is -22112122 - -2012221001?
1220101102
In base 6, what is -10 + 5252000?
5251550
In base 13, what is a + 3b343?
3b350
In base 3, what is -11121122000101 - 1002?
-11121122001110
In base 3, what is -11 - -2202020000?
2202012212
In base 14, what is 59 - -b6a5b?
b6ab6
In base 2, what is -1100110 - -10110010111110111011?
10110010111101010101
In base 2, what is -1100101110101000 + 10?
-1100101110100110
In base 3, what is -110020 + -2112001021020?
-2112001201110
In base 15, what is -50722 - -ac?
-50665
In base 9, what is -705580 - 741?
-706431
In base 14, what is -1091 - 84b?
-18dc
In base 2, what is 11 - -1110101110111111000101100001?
1110101110111111000101100100
In base 7, what is 2326 + -546653?
-544324
In base 10, what is 3206 + 6815?
10021
In base 7, what is -105 - -5653115?
5653010
In base 4, what is 1002332 - -21322013?
22331011
In base 16, what is e2bc49 - 2?
e2bc47
In base 3, what is -10 + 1021220122201000?
1021220122200220
In base 9, what is -63 - 38401?
-38464
In base 12, what is -615736 - 53?
-615789
In base 7, what is -165004 - -252?
-164422
In base 10, what is -81 + 38931?
38850
In base 3, what is 2221211 - -1002020?
11001001
In base 12, what is 14a7a + -31a?
14760
In base 5, what is 310120200012 + 0?
310120200012
In base 3, what is 1020202200002 + 112?
1020202200121
In base 16, what is 47 + -20f21?
-20eda
In base 2, what is 11 + 100101100011001101110?
100101100011001110001
In base 2, what is -1001100000001 - -100000100101101?
10111000101100
In base 12, what is -25 + 86561?
86538
In base 12, what is -63641330 + 7?
-63641325
In base 11, what is 1 - 5697873?
-5697872
In base 6, what is 35 - -13322210?
13322245
In base 4, what is -22333103312 + -203?
-22333110121
In base 6, what is -103141034 + 213?
-103140421
In base 14, what is 3 - -348ca3d?
348ca42
In base 5, what is 2 - 4212422041?
-4212422034
In base 3, what is -112 - 20020112221?
-20020120110
In base 6, what is 42224032040 - 5?
42224032031
In base 14, what is -11021 + 1ba?
-10c45
In base 13, what is 23bb - 7700?
-5312
In base 5, what is 2420 + 12201400?
12204320
In base 8, what is -201470 + -672?
-202362
In base 6, what is -25442124 + -1?
-25442125
In base 9, what is 10310076 - -33?
10310120
In base 2, what is -11101110111010110 + 1100001101?
-11101101011001001
In base 11, what is -3 + -1705245?
-1705248
In base 11, what is -2 + -4036886?
-4036888
In base 8, what is -41443270 + 44?
-41443224
In base 13, what is -1cc07 + -2506?
-22410
In base 16, what is ed + -29100?
-29013
In base 13, what is -106881 + -2?
-106883
In base 13, what is 6b648 + -10c0?
6a558
In base 15, what is 2 + 55615c?
55615e
In base 16, what is 313 - -32b0?
35c3
In base 7, what is 4 + -106116314?
-106116310
In base 4, what is 111 - 1102123101?
-1102122330
In base 8, what is -607007 - -364?
-606423
In base 12, what is 64769675 - 1?
64769674
In base 15, what is -20008c6 - 1c?
-20008e3
In base 14, what is 0 - -71a2334?
71a2334
In base 2, what is 11000101000100111001 - 0?
11000101000100111001
In base 10, what is -10640 + 5311?
-5329
In base 6, what is -13322021 + -114?
-13322135
In base 8, what is 2621 + 366405?
371226
In base 9, what is 60234 + -181?
60043
In base 10, what is -1199242 - 151?
-1199393
In base 9, what is 1655 - -13286?
15052
In base 3, what is -222000112 - -1011102201?
12102012
In base 7, what is 101036234 + 1?
101036235
In base 4, what is -100310 + -331132131?
-331233101
In base 16, what is -5 + -9f24b5?
-9f24ba
In base 4, what is -1 + 23301112220?
23301112213
In base 9, what is 4500 - -13707?
18307
In base 5, what is 1 - -24041332110?
24041332111
In base 13, what is 905 - 1739a?
-16795
In base 9, what is 12 + -10466087?
-10466075
In base 12, what is -159707b + -39?
-15970b8
In base 2, what is -11101 + 1100000101100111?
1100000101001010
In base 15, what is -a9047b + 1?
-a9047a
In base 7, what is 364004 - -224?
364231
In base 15, what is 1 + 77073?
77074
In base 11, what is -2398 + 389?
-200a
In base 13, what is 0 + 103729?
103729
In base 7, what is 6412634 + -2?
6412632
In base 15, what is 32 + -7b51d3?
-7b51a1
In base 2, what is 101 - 1001111000100111010010100?
-1001111000100111010001111
In base 7, what is 245256154 - 5?
245256146
In base 14, what is -1c - 52b7a?
-52b98
In base 6, what is 5 - -331423542?
331423551
In base 6, what is -435032342 - 2?
-435032344
In base 11, what is -65622 - -451?
-65181
In base 12, what is -43b3a4 + -9?
-43b3b1
In base 12, what is 112 - b7848?
-b7736
In base 8, what is 21050 - 33056?
-12006
In base 2, what is -1110110111111 + -10011011001111011?
-10101010000111010
In base 9, what is -771241 - 331?
-771572
In base 4, what is -112231030311222 - 0?
-112231030311222
In base 11, what is 19582 + 848a?
26a61
In base 6, what is 125111 + 430?
125541
In base 10, what is 1136259 - -86?
1136345
In base 9, what is 4 + -26276155?
-26276151
In base 14, what is -11794 + 1cc?
-115a6
In base 12, what is -1059 + 4b4?
-765
In base 5, what is 232300 + -20343?
211402
In base 15, what is -ea0c7 + -5?
-ea0cc
In base 12, what is 1 + -1784980?
-178497b
In base 15, what is -559 - 3179?
-36d3
In base 11, what is 39 + -57032a?
-5702a1
In base 13, what is 1ab48 - -265?
1b0b0
In base 8, what is 15 + -13202417?
-13202402
In base 11, what is -394981 + -24?
-3949a5
In base 6, what is 4050 + -114554?
-110504
In base 5, what is -43 + 20120214?
20120121
In base 2, what is 10110000111100111101110010 - 11?
10110000111100111101101111
In base 9, what is -2387 - 43265?
-45663
In base 16, what is -2a32 + -5?
-2a37
In base 16, what is 4fe + -51b50?
-51652
In base 5, what is 200 - -12113404140?
12113404340
In base 2, what is -101111101100100111 - 10011101000?
-110000000000001111
In base 14, what is 7b + -36566b?
-3655d0
In base 7, what is 3430 + 465313?
502043
In base 13, what is 15c6093 - -2?
15c6095
In base 6, what is 4135 + 100205?
104344
In base 14, what is 52446b7 + 5?
52446bc
In base 6, what is 155 + -343230?
-343031
In base 5, what is -422031 + -100?
-422131
In base 10, what is -2351257 + -5?
-2351262
In base 5, what is -320020 - 43?
-320113
In base 16, what is -3182f + 190?
-3169f
In base 5, what is -2 - -14400112310?
14400112303
In base 3, what is -111010112212020 - -110?
-111010112211210
In base 10, what is 22241 - 1?
22240
In base 12, what is 48753 + -20ab?
46664
In base 10, what is 131 - -1102481?
1102612
In base 9, what is -103406 + -31275?
-134682
In base 10, what is 83225226 - 6?
83225220
In base 4, what is 0 - -20121022213133?
20121022213133
In base 12, what is -82579 - -16?
-82563
In base 6, what is 245311 + 225?
245540
In base 10, what is -9939 - 1214?
-11153
In base 5, what is 3 - -212200112?
212200120
In base 8, what is 2 - 23056265?
-23056263
In base 14, what is -37ad5a - -b?
-37ad4d
In base 13, what is 5722c + a49?
57c78
In base 13, what is -28771c8 + 3?
-28771c5
In base 4, what is 12123 - 11002302?
-10330113
In base 15, what is -b - 41e5cc?
-41e5d8
In base 16, what is bc0f - 9e?
bb71
In base 3, what is 22 - 102020100121110?
-102020100121011
In base 13, what is 7 + c8188?
c8192
In base 7, what is -555053041 - 16?
-555053060
In b